{"id":211,"date":"2025-04-22T22:25:28","date_gmt":"2025-04-23T03:25:28","guid":{"rendered":"https:\/\/web.oneclic.com.mx\/?post_type=product&#038;p=211"},"modified":"2025-04-22T22:25:28","modified_gmt":"2025-04-23T03:25:28","slug":"enrolador-de-huellas-usb-de-alta-resolucion-sdk-gratuito-para-desarrollos-propios-java-android-windows-c-compatible-con-software-zkteco","status":"publish","type":"product","link":"https:\/\/web.oneclic.com.mx\/index.php\/producto\/enrolador-de-huellas-usb-de-alta-resolucion-sdk-gratuito-para-desarrollos-propios-java-android-windows-c-compatible-con-software-zkteco\/","title":{"rendered":"Enrolador de huellas USB de alta resoluci\u00f3n \/ SDK gratuito para desarrollos propios (JAVA, ANDROID, Windows C#) \/ Compatible con software ZKTeco"},"content":{"rendered":"<p>ZK9500, es el \u00faltimo esc\u00e1ner \u00f3ptico de huellas digitales, desarrollado por ZKTeco. El esc\u00e1ner realiza la detecci\u00f3n de dedos y captura la im\u00e1gen de la huella digital r\u00e1pidamente y con alta resoluci\u00f3n.<br \/>\nEl producto es peque\u00f1o y su dise\u00f1o lo hace sencillo de utilizar para el registro de huellas en un escritorio.<\/p>\n<p>&nbsp;<\/p>\n<p><strong><em>Caracter\u00edsticas<\/em><\/strong><br \/>\n\u2022 Potente detecci\u00f3n de huella digital.<br \/>\n\u2022 Reconocimiento r\u00e1pido de huellas secas, h\u00famedas y \u00e1speras.<br \/>\n\u2022 SDK disponible para desarrollo.<br \/>\n\u2022 USB 2.0 de alta velocidad.<\/p>\n<ul>\n<li>Proporcionamos SDK GRATUITO para clientes que desarrollen sus propias aplicaciones.<\/li>\n<\/ul>\n<p>&nbsp;<\/p>\n<p><strong><em>Compatibilidad con Software<\/em><\/strong><\/p>\n<p>\u2022 BIOTIME 7<\/p>\n<p>\u2022 BIOTIMEPRO<\/p>\n<p>\u2022 Acceso 3 TITANIUM<\/p>\n<p>\u2022 ZKBioSecurity<\/p>\n<p>\u2022 TimeNet 3.0<\/p>\n<p>\u2022 TimeNet Lite<\/p>\n<p>\u2022 ZKAccess3.5<\/p>\n","protected":false},"excerpt":{"rendered":"<p>ZK9500, es el \u00faltimo esc\u00e1ner \u00f3ptico de huellas digitales, desarrollado por ZKTeco. El esc\u00e1ner realiza la detecci\u00f3n de dedos y captura la im\u00e1gen de la huella digital r\u00e1pidamente y con alta resoluci\u00f3n. El producto es peque\u00f1o y su dise\u00f1o lo hace sencillo de utilizar para el registro de huellas en un escritorio. &nbsp; Caracter\u00edsticas \u2022 [&hellip;]<\/p>\n","protected":false},"featured_media":213,"comment_status":"open","ping_status":"closed","template":"","meta":{"_uag_custom_page_level_css":""},"product_brand":[43],"product_cat":[44,40,47],"product_tag":[],"class_list":{"0":"post-211","1":"product","2":"type-product","3":"status-publish","4":"has-post-thumbnail","6":"product_brand-zkteco","7":"product_cat-biometricos","8":"product_cat-control-de-acceso","9":"product_cat-enroladores-y-lectores-usb","11":"first","12":"instock","13":"taxable","14":"shipping-taxable","15":"purchasable","16":"product-type-simple"},"uagb_featured_image_src":{"full":["https:\/\/web.oneclic.com.mx\/wp-content\/uploads\/2025\/04\/ZK9500-h1.png",2000,2000,false],"thumbnail":["https:\/\/web.oneclic.com.mx\/wp-content\/uploads\/2025\/04\/ZK9500-h1-150x150.png",150,150,true],"medium":["https:\/\/web.oneclic.com.mx\/wp-content\/uploads\/2025\/04\/ZK9500-h1-300x300.png",300,300,true],"medium_large":["https:\/\/web.oneclic.com.mx\/wp-content\/uploads\/2025\/04\/ZK9500-h1-768x768.png",768,768,true],"large":["https:\/\/web.oneclic.com.mx\/wp-content\/uploads\/2025\/04\/ZK9500-h1-1024x1024.png",980,980,true],"1536x1536":["https:\/\/web.oneclic.com.mx\/wp-content\/uploads\/2025\/04\/ZK9500-h1-1536x1536.png",1536,1536,true],"2048x2048":["https:\/\/web.oneclic.com.mx\/wp-content\/uploads\/2025\/04\/ZK9500-h1.png",2000,2000,false],"woocommerce_thumbnail":["https:\/\/web.oneclic.com.mx\/wp-content\/uploads\/2025\/04\/ZK9500-h1-324x324.png",324,324,true],"woocommerce_single":["https:\/\/web.oneclic.com.mx\/wp-content\/uploads\/2025\/04\/ZK9500-h1-416x416.png",416,416,true],"woocommerce_gallery_thumbnail":["https:\/\/web.oneclic.com.mx\/wp-content\/uploads\/2025\/04\/ZK9500-h1-100x100.png",100,100,true]},"uagb_author_info":{"display_name":"admin","author_link":"https:\/\/web.oneclic.com.mx\/index.php\/author\/"},"uagb_comment_info":0,"uagb_excerpt":"ZK9500, es el \u00faltimo esc\u00e1ner \u00f3ptico de huellas digitales, desarrollado por ZKTeco. El esc\u00e1ner realiza la detecci\u00f3n de dedos y captura la im\u00e1gen de la huella digital r\u00e1pidamente y con alta resoluci\u00f3n. El producto es peque\u00f1o y su dise\u00f1o lo hace sencillo de utilizar para el registro de huellas en un escritorio. &nbsp; Caracter\u00edsticas \u2022&hellip;","_links":{"self":[{"href":"https:\/\/web.oneclic.com.mx\/index.php\/wp-json\/wp\/v2\/product\/211","targetHints":{"allow":["GET"]}}],"collection":[{"href":"https:\/\/web.oneclic.com.mx\/index.php\/wp-json\/wp\/v2\/product"}],"about":[{"href":"https:\/\/web.oneclic.com.mx\/index.php\/wp-json\/wp\/v2\/types\/product"}],"replies":[{"embeddable":true,"href":"https:\/\/web.oneclic.com.mx\/index.php\/wp-json\/wp\/v2\/comments?post=211"}],"wp:featuredmedia":[{"embeddable":true,"href":"https:\/\/web.oneclic.com.mx\/index.php\/wp-json\/wp\/v2\/media\/213"}],"wp:attachment":[{"href":"https:\/\/web.oneclic.com.mx\/index.php\/wp-json\/wp\/v2\/media?parent=211"}],"wp:term":[{"taxonomy":"product_brand","embeddable":true,"href":"https:\/\/web.oneclic.com.mx\/index.php\/wp-json\/wp\/v2\/product_brand?post=211"},{"taxonomy":"product_cat","embeddable":true,"href":"https:\/\/web.oneclic.com.mx\/index.php\/wp-json\/wp\/v2\/product_cat?post=211"},{"taxonomy":"product_tag","embeddable":true,"href":"https:\/\/web.oneclic.com.mx\/index.php\/wp-json\/wp\/v2\/product_tag?post=211"}],"curies":[{"name":"wp","href":"https:\/\/api.w.org\/{rel}","templated":true}]}}